x - 6*k + 38 = -10*k, 48 = -5*x + k. What is the hundreds digit of ((-15)/x)/((-6)/(-2500))?
6
Let c = -167 - -170. Let t(j) = 2*j + 23. Let m be t(-10). Suppose 3*p - 96 - 210 = c*w, -2*p = -m*w - 203. What is the hundreds digit of p?
1
Let d be ((-2)/8)/(7/(-1148)). Let o = d + -37. What is the units digit of 255/o - (-12)/(-16)?
3
Suppose 0 = -3*c + 5*y + 3119, -29*c - 5*y = -24*c - 5225. What is the thousands digit of c?
1
Suppose 270*p + 5*d = 266*p + 2415, 5*p - 3026 = d. What is the units digit of p?
5
Suppose -315 = -0*j - 5*j. Let x = j - 80. Let p(r) = -12*r - 14. What is the units digit of p(x)?
0
Let l(u) = -4*u - 50. Let n be l(-13). Suppose -z - 48 = -n*g, 0 = -3*g + 4*z - z + 72. What is the tens digit of (1552/g)/((-4)/(-6))?
9
Let a(s) = s + 39. Let k be a(-28). Suppose -2696 - 2463 = -k*y. What is the hundreds digit of y?
4
Let t(h) = -h**2 - 7*h + 3. Let p be (-4 - (4 - 7))*(9 + -2). Let q be t(p). Suppose i + 4*s - 42 = 3*s, 5*i = q*s + 178. What is the units digit of i?
8
Suppose 2988 = -3*b + 2*m + 860, 3*b - 5*m + 2116 = 0. Let w = -422 - b. What is the hundreds digit of w?
2
Let a = 845 - 259. What is the tens digit of a?
8
Let s(o) = o**3 - 28*o**2 - 950*o - 43. What is the tens digit of s(48)?
3
Let y(q) = 11*q**2 + 10*q - 30. What is the hundreds digit of y(-24)?
0
Suppose 0 = -7*x - 27 + 6. What is the units digit of (-14)/x*(-135)/(-2)?
5
Suppose 4*a - 40 = 2*a. Suppose -5*m = 5*n - 30, 2*m + 4*n - a = -m. What is the tens digit of (2/m)/((-2)/(-108))?
2
What is the units digit of ((-6)/1)/((-9)/25)*2535?
0
Let z be (-420)/40*(-2 - 0/(-2)). Let q(g) = 20*g - 178. Let u(o) = 13*o - 119. Let y(t) = 5*q(t) - 7*u(t). What is the units digit of y(z)?
2
Suppose -22*p = -76*p + 1831465 + 19601. What is the thousands digit of p?
4
Let x = -3156 + 6624. Suppose 0 = -19*n + 1453 + x. What is the hundreds digit of n?
2
Let v = -29897 - -48101. What is the thousands digit of v?
8
Let z(j) = 19*j**3 + 4*j**2 + 3*j + 8. Let h be z(4). Suppose h*t = 1299*t + 153. What is the units digit of t?
3
Suppose 2*v - 56 = 4*d, 4*d - 31 = -v + 3*d. Suppose v*f - 17280 = 18*f. What is the units digit of f?
0
Suppose g - 4*j = 24433, 203*j = g + 201*j - 24445. What is the units digit of g?
7
Suppose -2*g - 27 = -5*g. Suppose 6*o - g = 15. Suppose -4*l + 60 = o*r, -4*l + 9 = -11. What is the units digit of r?
0
Let f be 537 + 1 + -5 + 0/(-1). Suppose -4*a = 113 - f. What is the hundreds digit of a?
1
Suppose -3*t = -12, 0 = 17*r - 21*r + 3*t + 59556. What is the thousands digit of r?
4
Suppose k = -5*k + 12. Let m be ((-36)/(-15) - k)*(-2 - 3). What is the tens digit of ((-158)/(-14) + m/7)*1?
1
What is the tens digit of 12*(-5020)/(-3) + 17?
9
Let d be ((-2)/6)/(2/(-6)) - -733. Suppose 0 = 4*m + 2*k - d, -30 = -m - 4*k + 171. What is the units digit of m?
1
Suppose -2 + 8 = -2*s. Suppose v = 2*p - 8 + 3, -v - 5 = 2*p. What is the units digit of (s - -2)*355/v?
1
Let f = 29295 + -16265. What is the thousands digit of f?
3
Let s = 67 + -276. Let g = s + 542. What is the tens digit of g?
3
Let k = -7 + 10. Suppose 3*r + 3*m - 12 = 0, -4*r + 4 = k*m - 15. Suppose -232 = r*g - 11*g. What is the tens digit of g?
5
Let c = 85 - 84. Suppose -b = -5*i + c, 2*i + 0*b + b = -1. Suppose -q - 5*o + 10 + 78 = i, 0 = -5*q + 5*o + 440. What is the tens digit of q?
8
Suppose 0 = -3*w + 2*o + 3*o - 27, -5 = 2*w + o. Let m be (2/w + 0)*10. What is the units digit of (2 + m)*(-140)/12?
5
Suppose 16*h + 10 = 42. Suppose h*p + 374 = 3*t, 3*p = 2*t - 158 - 88. What is the hundreds digit of t?
1
Suppose 26*d = 5*u + 25*d - 68235, 0 = -3*u - 7*d + 40903. What is the thousands digit of u?
3
Let v = -19108 - -27744. What is the tens digit of v?
3
What is the units digit of -1 - (-99930)/14 - (-14)/98?
7
Let t(f) = -5*f**3 + 78*f**2 + 17*f - 81. What is the tens digit of t(12)?
1
Let r(m) = -m**2 + 15*m + 58. Let k be r(13). Let b = k + 212. What is the tens digit of b?
9
Suppose 8 = r - u, 4*r - 35 = -0*r + 5*u. Suppose 3*a - 251 = -d + 7*a, d = r*a + 255. What is the units digit of d?
5
What is the tens digit of (-5850)/(-52)*(20*2 + 2)?
2
Suppose -8874 = 17*l - 35*l. Suppose 498*v = l*v + 3820. What is the tens digit of v?
6
Suppose 3*o + 13 - 22 = 0. Suppose -w - o = -3*l, 0 = 3*l - 5*w - 0*w + 9. Suppose y + l*y = 357. What is the units digit of y?
9
Suppose w - 38485 = -n, -12*n = -10*n - 4*w - 77012. What is the units digit of n?
2
Let x = 69139 - 36703. What is the tens digit of x?
3
Suppose 1166*c = 1187*c - 80157. What is the thousands digit of c?
3
Let h(g) = 18*g**3 + g**2 - 13*g - 106. What is the units digit of h(9)?
0
Let h(j) = -1195*j + 9496. What is the thousands digit of h(-61)?
2
Let m(x) = x**3 + 5*x**2 - 4*x + 4. Let v be m(-6). Suppose 10*q + 3*q = -26. What is the units digit of q*(v/32)/(1/362)?
1
Let w(o) = -o**2 - 13*o - 12. Let c be w(-9). Suppose 23*x + 331 = c*x. Suppose 13*d + x = 1709. What is the tens digit of d?
0
Let r(j) = -j**3 + 52*j**2 + 50*j - 588. What is the hundreds digit of r(48)?
0
Suppose 5*x = 3*w + 1835, 2*x + 4*w = -0*w + 708. Suppose -4 + 6 = q. Suppose 0 = -q*s - 46 + x. What is the hundreds digit of s?
1
Let k(w) = 2*w**3 - 31*w**2 + 50*w - 83. What is the hundreds digit of k(21)?
8
Let r be (2 + 0)*(-1*6 + 3). Let g be (-8 - r)/(2/182). Let b = 258 + g. What is the tens digit of b?
7
Let w(k) be the first derivative of k**7/84 - k**6/360 + k**5/120 + 2*k**3 + 13. Let o(u) be the third derivative of w(u). What is the units digit of o(2)?
8
Suppose 2*k = 34*b - 32*b + 66950, -133908 = -4*k + 3*b. What is the thousands digit of k?
3
Let j(n) = -n**2 - 30*n - 42. Let s = -69 + 49. What is the units digit of j(s)?
8
Let w be -1 - (-1)/(5/(-280)). Let o = w - -150. What is the tens digit of o?
9
Let s = 529 - 317. Let b = s - 95. What is the hundreds digit of b?
1
Let r = -258 - -364. What is the tens digit of 583/r*(-2)/(-1)*28?
0
Let o = 19617 - 8064. What is the ten thousands digit of o?
1
Suppose -8*r + 88 = -192. Suppose 54*t - 47*t = r. What is the units digit of 34/(186/36 - t)?
4
Let r = -811 + 760. What is the hundreds digit of 15965/17 - (-6)/r?
9
What is the tens digit of (1557/27)/(12/14004)?
9
Suppose 5*n + 203 + 232 = 0. Let g = n + 85. Let a(b) = -14*b**3 - 4*b - 1. What is the units digit of a(g)?
9
Suppose 3*w - 10139 - 28916 = -8*a, -2*a - 4*w + 9754 = 0. What is the units digit of a?
3
Suppose -8*i + 2 = -14. Let t(v) = 2*v**i - 6 + 4*v**2 - v**3 + 5*v + 0. What is the tens digit of t(5)?
4
Let h(z) = -15*z**2 + z**3 + 9*z + 5*z - 4 - 11*z + z. Let m be h(15). What is the units digit of 588/m + (2/4 - 1)?
0
Suppose 0 = 125*z - 110*z - 12300. Suppose 0 = 5*g - 2*i - 4065, g - z = -0*g - i. What is the tens digit of g?
1
What is the thousands digit of 6832/(-84)*(-177)/2?
7
Let s = 8127 - 4291. What is the tens digit of s?
3
Let z(b) = -43*b - 39. Let h be z(-6). Let k be 4/14 + 0 - 156/(-42). Suppose h = k*s - s. What is the tens digit of s?
7
Suppose -12*a = -645 - 2127. Let x = 19 + 117. Let g = a - x. What is the units digit of g?
5
Let a be -30 - (1/(-2))/(15/60). What is the tens digit of -6 - a/7*6?
1
Let r = -97 + 101. Suppose 4*f - 3*t + 1 - 5 = 0, -r*f = 4*t - 32. What is the tens digit of 1 + 15 + -4 + f + 3?
1
Suppose 5*m = -2*a + 18975, 3*a - 20072 = -4*m + 8387. What is the units digit of a?
5
What is the tens digit of ((-14684)/(-18))/(124/558)?
7
Suppose -502*t = -220*t + 170*t - 12277224. What is the tens digit of t?
6
Let g(r) = -r**3 + 9*r**2 + 12*r + 31. Let o be g(-7). Suppose -4*i - o = -u, 2*i = -3*u - 2*u + 3567. What is the hundreds digit of u?
7
Let f(d) = 6 + 3 - d**2 - 13*d + 4. Suppose 0 = -23*l + 29*l + 54. What is the units digit of f(l)?
9
Let i be (1/(-1))/(-4) - (-3873)/12. Let k = 804 - i. What is the hundreds digit of k?
4
Let d(c) = 26*c**2 + 734*c - 148. What is the units digit of d(-54)?
2
Suppose 67 = 5*c + 4*i, -22 - 23 = -3*c - 4*i. What is the hundreds digit of -3 - (-1)/((11/804)/c)?
8
Let g(t) = t**3 + 19*t**2 + 44*t + 296. Let j be g(-17). Suppose 0 = -2*b - 5*m - 275, b + 72 = 2*m - 43. Let z = j - b. What is the hundreds digit of z?
2
Suppose 234794 = -20*m + 89*m - 256417. What is the tens digit of m?
1
Let m be 48/1 - (0 - 2). Suppose -9*o - 61 + 790 =